+ 1 + -12 - (-10 - -6)) + 6.
2
-10 + -11 + (-13 - -14 - (-2 - 7))
-11
20 + 12 - 30 - 27
-25
5 + 0 + -3 + (0 - -13 - 11)
4
What is -22 - -48 - ((-2 - -4) + 10)?
14
Evaluate 4 - (1 - 1 - ((19 - 3) + -24)).
-4
Evaluate -6 + (19 - 10) + -16 + -1.
-14
Calculate -2 + (-2 + 10 + -2 - -1).
5
What is the value of -40 + -2 - (-13 - (28 - 33))?
-34
What is -1 + -29 + (1562 - 1532)?
0
Evaluate -4 - (6 + (-26 - -15)) - (-33 + 4).
30
What is -13 - (6 + 1 + (-4 - 15 - -8))?
-9
Calculate (-29 - -23) + 28 + -18.
4
Calculate 6 + 0 + 7 - (-7 + 20).
0
What is the value of (-39 - (-21 - -4)) + 5?
-17
(243 - 228) + -4 + 11 + 4
26
Evaluate -5 + -41 + 9 - (2 - (18 - 10)).
-31
What is the value of 0 - -6 - ((9 - 9) + (21 - 14))?
-1
What is the value of 3 + (15 - 24) - (1 - -2)?
-9
Evaluate (-16 - (-17 + 8)) + 10 + -19.
-16
What is 3 + (3 - 2) + (8 - 8)?
4
9 - ((-9 - -35) + (-2 - (-4 + 3)))
-16
What is -6 - (2 + 5 - (14 + 3 + -2))?
2
Calculate -18 - (7 + -10) - (1 - 9) - -32.
25
What is the value of -27 + 6 + 26 + -12?
-7
Evaluate -22 - (-16 + 1 - -4) - -2.
-9
Calculate 13 + (-17 + -6 - -10).
0
24 + 0 + -7 + (-7 - 4 - -15)
21
-4 + 7 + 6 - 5 - (-8 - -2)
10
What is (-2 + 3 - 6 - (31 - 34)) + -9?
-11
What is the value of -4 + -15 + (-22 - -29 - (0 - -16))?
-28
Evaluate 7 - ((10 - 22) + 19) - (20 - 0).
-20
What is the value of (-18 - (-21 - -11)) + (2 - 2) - -5?
-3
Calculate 15 + (1 - 11) + -3 + -9 + 17.
10
What is (-16 - -17) + (19 - 8)?
12
Calculate -67 + 37 + (6 - -3).
-21
Calculate 469 - 470 - (1 + -1 - -1).
-2
2 + 7 + (-1 - -2) + 0
10
What is (-126 - -126) + (2 + -1 - 0)?
1
Evaluate (4 - -2) + 15 + (-14 - -5) + 6.
18
Calculate -8 - ((47 - 41) + (-6 + 3 - -2)).
-13
What is (15 - 2 - 10) + (-2 - (-2 - 0))?
3
What is the value of -4 - (-7 + 1 + 13) - 3?
-14
Calculate -8 + (1 - ((-18 - -3) + 6 - -11)).
-9
Evaluate 758 - 741 - (-2 + -1 + 46).
-26
Calculate -2 + 0 + (0 - 10) + (412 - 407).
-7
(1 - 0) + (53 - 43) + -26
-15
Calculate (2 - -11) + (-4 - (-23 + 11)).
21
-10 + 19 + -3 + 0 + 8
14
What is the value of -41 + 34 + (-1 - 2)?
-10
What is -3 + 52 + 2 + -30?
21
What is the value of (-10 - (-8 + 30)) + 23?
-9
Evaluate -8 + (8 - (13 + -22)).
9
13 + (2 - 13) + -85 + 83
0
-14 + 8 + -1 + -5 - -5
-7
What is 3 + (3 - 2) + 1 - (70 + -61)?
-4
What is the value of (2 + 1 - (-3 + 27)) + 3?
-18
What is (3 - 2 - (-5 + 18)) + 8?
-4
-1 + 8 - (4 + 2 - 12 - -10)
3
What is the value of 50 + -67 + -3 + 5 + 1?
-14
-13 - (-4 - (-12 + 18))
-3
Calculate -2 + (-3 - (3 + (-6 - (4 + -5)))).
-3
Calculate 5 + -2 + 2 + 13 + -5.
13
3 + 10 + (-4 + -9 - -7) - 1
6
What is -30 + 38 + -1 + -8 + 1?
0
What is the value of 2 + 0 + (8 - (11 + -7))?
6
(-34 - -28) + (-16 - (-4 - 2))
-16
(7 - -2) + 3 + 1 + -4 + -2
7
Calculate (-6 - 14) + 7 + 22.
9
What is -12 + (23 - 22 - 2)?
-13
What is (173 - 143) + -4 + (9 - -2)?
37
What is the value of (29 - (7 + 2 + -4 + -2)) + -4?
22
Calculate 8 + -9 - (-2 + 1) - (-2 + -11).
13
Calculate -19 - (-6 + -22) - 21.
-12
Evaluate (3 - -9) + -3 + 0 - (-6 - -13).
2
What is the value of 24 + -20 + (10 - 2)?
12
Calculate 4 + 14 + -6 - (11 + 30).
-29
What is the value of (24 - 18) + 3 + 2 + (9 - 28)?
-8
Calculate (76 - 87 - (21 - -2)) + 14.
-20
What is the value of -15 + -15 + 22 + 10 + 7?
9
What is (-12 - (-1 - 0) - -4 - -3) + -1?
-5
Calculate 530 + -529 + 1 + 0 + 18 + -6.
14
What is the value of -8 + 1 + -4 + 6 - (1 - 7)?
1
What is the value of 12 - (-20 - -17) - 20?
-5
What is 5 - -17 - (-2 - -19)?
5
Evaluate 6 - (-7 + 10) - (11 - -2).
-10
-6 - 3 - (-81 + 83)
-11
-4 + (4 - 4) + 5 + 7 + -8
0
What is 3 + -2 + -3 + 1 + 2 + -2?
-1
Calculate -5 + 50 + -23 + -20.
2
What is -10 - (-2 + -2) - (-2 - (1 + -2))?
-5
Calculate 1 + 2 - (20 + 4) - 5.
-26
What is 11 + (3 - (-6 - -4))?
16
-16 - (15 + -16 - 2) - 10
-23
What is -1 - 0 - (-9 + 23 + 17 + 5)?
-37
What is (-4 - -1) + (-19 - -11) + 6?
-5
Calculate -390 + 395 + (-2 - (-1 - -6)).
-2
18 - (20 + -12 + -14 + 1)
23
What is the value of -1 - (1 + (1 - 4) + 4)?
-3
What is (-46 - -14 - 14) + 56?
10
What is (-1 + 15 + -3 - -2) + -9?
4
What is 27 + -28 + (10 + -6 - 8)?
-5
What is the value of -119 - -68 - -54 - (1 - 13)?
15
Evaluate 4 - (-5 + -1 + 35 + 8 + -36).
3
Evaluate 2 + (0 - -10) - (3 - 7).
16
(-6 + 15 - 6) + (12 - (-19 - -39))
-5
What is the value of -128 + 117 + (-3 + 1 - (-1 - 0))?
-12
0 - (2 + -4) - (-48 - -45) - -2
7
Evaluate -10 + 31 + -4 - (13 + -6).
10
What is the value of -1 - -20 - (88 - 57 - -10)?
-22
What is -10 + (-3 + -1 - (-163 - -160))?
-11
Calculate -10 + 0 - -12 - -1 - (28 - -3).
-28
-6 + -1 + -42 + (48 - -7)
6
Evaluate 6 + -4 + (-12 - -7) + 24.
21
Evaluate 2 + 0 + 10 - (14 + -7).
5
What is the value of (6 - -2) + (1 - 24) + 0?
-15
What is the value of -15 - (12 - (-10 - -23))?
-14
Calculate -12 + (40 - 14) + -26.
-12
20 - (25 - (4 + 3 + 6))
8
What is 31 + (23 - (-17 - -43))?
28
-6 + (-4 - 34 - -78)
34
15 - (-3 + 15 + -7 + -6 + 1)
15
Calculate (-6 - (0 + 2 + 0) - -3) + -15.
-20
What is 1034 - 1037 - (2 + -9)?
4
What is the value of -6 - (-16 - -25) - -24?
9
Evaluate 20 + (3 - 3) + (-11 - 0).
9
What is (6 - -2) + -20 - (3 - 3)?
-12
What is -33 - (-11 + 18 + -26)?
-14
What is the value of (-6 - (-3 + -5 + 5) - 0) + -1?
-4
What is (1 - (-28 + 23)) + -27?
-21
What is -81 + 33 + -27 - -40?
-35
7 + 13 + -6 - (-10 + (6 - -6))
12
What is the value of -3 + 0 + 3 + -1 + -4 + -7?
-12
9 + (-4 - -4 - -5 - -2)
16
Calculate -16 + 23 - (24 - 2).
-15
Calculate -21 - ((0 - 4) + -7) - -29.
19
Calculate -11 - (-32 - (-4 - 9)).
8
What is -47 - (-11 + (-10 - -17)) - -15?
-28
Evaluate 13 + -12 + (12 - 7) + -7 - 8.
-9
Evaluate (5 - 1) + (7 - (-6 + 6 - -3)).
8
Evaluate -16 + (11 - 11) - 2.
-18
What is the value of (0 - 12) + (2 - 4) + 10?
-4
Evaluate 6 + -7 + -3 + 12.
8
Evaluate -1 - -6 - (1 + -6 + 10) - 10.
-10
(-4 - 22) + 0 + 11 + -2 + -1
-18
Evaluate -22 + 44 + 22 + -15.
29
-13 + 12 + -10 + -35 + 20
-26
What is -10 - ((-11 - -22) + -2) - -3?
-16
What is -12 + (2 + 8 - -31)?
29
Evaluate 2 + 1 + -10 + 24.
17
Calculate -11 - (-4 - (43 - 27)).
9
What is the value of -4184 + 4209 - ((-1 - 10) + 0)?
36
Calculate (31 - 16) + -26 + 23.
12
Evaluate 3 + 0 + -13 + 4 + 16.
10
What is -26 - -66 - 30 - (-1 - -6)?
5
Evaluate -4 - (14 + 3 + -13 + 12).
-20
Calculate 4 - (-4 + -3) - (5 - -3).
3
Calculate 2 + -2 + -6 - (58 - (28 + 18)).
-18
What is the value of (-204 - -180) + (0 - (0 - -3)) + 12?
-15
Calculate 9 + 2 + (-21 - 7) - (3 - 1).
-19
(-20 - (-78 + 17)) + -21
20
Evaluate 12 - (6 + 19 + -34).
21
What is -10 - 6 - -51 - 25?
10
What is the value of -1 + -4 - (340 + -382)?
37
What is (10 - 1 - -4 - 6) + -9?
-2
(43 - 51 - (1 + -10)) + 10
11
What is (-3 - (2 + 0)) + (-17 - -2) + 12?
-8
What is 15 + 25 + -34 - 9?
-3
Calculate -4 - (1 + 2 + -9).
2
(-6 - (-2 + 14 - (5 - -2))) + 6
-5
What is -19 - (-7 + 0 + 15 + -15)?
-12
33 + -20 + 0 + -8 + -3
2
What is (0 - 15) + -19 + (19 + 16 - 9)?
-8
What is 1 - (-10 + -10) - (7 - 0)?
14
Calculate (-1 - (-10 + 2)) + (9 - (21 - 24)).
19
What is -1 + -1 - (7 + -14 + -7 - 1)?
13
What is the value of 10 - (12 - (18 + -7 - 19)) - 17?
-27
4 + 2 + (-84 - -82)
4
Calculate -50 + 63 + (3 - (55 - 3)).
-36
Calculate 2 + -28 + 2 - (1 + (26 - 37)).
-14
Calculate (15 + -8 - (5 - 3)) + -5.
0
Evaluate -13 + (2 + 3 - 0) - (9 + -6).
-11
Evaluate (-8 + 5 + -5 - -7) + 16.
15
What is the value of -14 - (-24 + 8 - 4)?
6
What is the value of 8 + 1 + -10 + 19 + -8 + 0?
10
Calculate 145 - 132 - (8 + 0).
5
What is (24 - 3) + (-4 - 8 - -8) - 7?
10
Evaluate 18 - (-19 + 63) - ((-1 - -2) + 0).
-27
What is the value of -15 - (-2 + 0 + 19 + -52)?
20
(0 - 7) + (28 - 17) + (4 - 8)
0
What is (-2 - ((15 - 12) + -1 + -5)) + 16?
17
What is -98 + 95 + 13 - (0 + 8)?
2
What is -72 + 66 + 28 + 0?
22
What is the value of -1 + 10 + (-3 - -7)?
13
Calculate -39 + (-1 + -12 - -31) - (-9 + 2).
-14
Calculate (52 + -23 - 46) + 9 + 0.
-8
What is the value of -6 + 23 + -5 + -14?
-2
What is (6 - 10 - 14) + (-6 - 2) + 0?
-26
(2 - (7 - 4)) + (-11 - -1)
-11
Calculate -25 + (27 - 27) - -31.
6
What is 1 + -1 + -4 + (3 - (-1 - -1))?
-1
-42 + (16 - -7) - -11
-8
Evaluate 3 - (-13 + -2) - (-5 + 9).
14
Calculate -3 + (22 - 15 - -1).
5
-84 + 68 + 31 - (-4 + -1)
20
5 - (24 - 4) - -22
7
Evaluate -10 + 0 + (-7 - 0 - (61 + -71)).
-7
Evaluate -10 - (0 - 2) - (85 + -85).
-8
-38 - (-2 - 7) - (